60 - 374. List the prime factors of w.
2, 11, 13
Suppose 2*k + 3 = 5*k - 3*n, 0 = 4*k + 2*n - 16. Let c = 10 - k. Let f(x) = x**2 - 5*x + 2. List the prime factors of f(c).
2
Suppose 8976 = 5*l + 2*c, 9*l - 6259 = 3*c + 9911. What are the prime factors of l?
2, 449
Let q(d) = 2*d**3 + 2*d**2 - d - 11. Let f be q(-5). Let l = -112 - f. List the prime factors of l.
2, 47
Suppose -106 = -4*j - 2*d, -3*d + 2*d = 4*j - 101. Suppose -5*v - 4 = -j. Let x = 16 - v. List the prime factors of x.
2, 3
Let c be 3*2/(-51) + 8208/408. What are the prime factors of (-2160)/(-13) + c/(-130)?
2, 83
Let d(w) = -w**3 + 14*w**2 - 11*w + 7. Suppose -z + 4 = -3*s, 2*z - 11 = 5*s - 0. List the prime factors of d(z).
3, 11
Suppose 14*u - 3*u = 6193. List the prime factors of u.
563
Let s = -22 - -16. Let u(x) = 8*x**2 - 26*x - 32. Let w(z) = 3*z**2 - 9*z - 11. Let h(l) = -4*u(l) + 11*w(l). What are the prime factors of h(s)?
13
Let o = -387 + 661. What are the prime factors of o?
2, 137
Let z(i) = i + 11. Let w be z(-6). Suppose 28 = -0*q + 5*q + l, -3*q + 8 = w*l. What are the prime factors of q?
2, 3
Suppose 2*g = -2*g + 48. What are the prime factors of (-558)/12*(-40)/g?
5, 31
Let o = -16 - -12. Let u(z) = -2*z - 6. Let q be u(o). Suppose 3*d + 26 = 2*v, q*v - 26 = -d + 6*d. What are the prime factors of v?
13
Let l(s) = s**2 - 8*s + 15. Let i be l(10). Let u = -3 + i. What are the prime factors of u?
2
Let y(c) = -33*c**3 + c**2. Let x be y(-1). Suppose x + 102 = z. List the prime factors of z.
2, 17
Let x(o) = 9*o**3 - 2*o + 1. Let s be x(1). Let d(w) = -7 + 111*w + 111*w - 212*w. What are the prime factors of d(s)?
73
Suppose 2*u = -h - 3 + 14, 2*u - h - 1 = 0. Let b(l) = -5*l**2 - l**2 + 5 - 4*l**2 + 12*l**2. What are the prime factors of b(u)?
23
Let b(p) = -2*p**2 - p**2 - 10*p + 15*p**2 - 2*p**3 + p**3. Let d be b(11). Let l(w) = -w**3 + 12*w**2 - 5*w - 5. List the prime factors of l(d).
61
List the prime factors of 2 + -6 + 3 - -583 - -7.
19, 31
Let y = -59 - -67. Let j = 10 + y. List the prime factors of j.
2, 3
Suppose -40*m = -4*m - 16416. What are the prime factors of m?
2, 3, 19
Suppose 0*a = -2*a + 32. Let s = -50 + a. Let t = s + 56. What are the prime factors of t?
2, 11
Let z(l) = l**3 + 13*l**2 - 29*l + 17. Let w be z(-15). Suppose -x + w*x - 53 = -5*d, 0 = -3*x + 4*d + 64. List the prime factors of x.
2, 7
Suppose 4*k + 4*j = 10052, k + 39*j = 40*j + 2509. List the prime factors of k.
3, 31
Let h = 22 - 24. Let q(d) = d**2 - d - 2. Let v be q(h). Suppose -v*r = -44 - 176. List the prime factors of r.
5, 11
Let a(i) = i - 3. Suppose -4*z = -3*k + 44, k - 4 = -2*k - 4*z. Let x be a(k). Suppose -2*m + 51 + 1 = -4*g, 0 = -x*g - 10. What are the prime factors of m?
2, 11
Let v(c) = c**3 + 3*c**2 - 2*c - 4. Let r be v(-3). Let z(o) = -2*o**2 + 2*o - 1. Let i be z(r). What are the prime factors of i/(-3)*(3 - -12)?
5
Let r = 123 + -76. Let w = r + -18. What are the prime factors of w?
29
Suppose -3*d + 1 = -5*a - 34, 5*a - 2*d + 30 = 0. What are the prime factors of ((-67)/a - -2) + (-2)/(-8)?
19
Let j be -2 + 4/((-4)/3). Let l(m) = m**3 + 6*m**2 - 2*m + 8. What are the prime factors of l(j)?
43
Let q = 47 - -59. Let j = q - 75. List the prime factors of j.
31
Let m(p) = p**3 + 38*p**2 - 162*p + 22. What are the prime factors of m(-41)?
1621
Let k(f) = f**2 - 7. Suppose -6*x - 35 = -x. Let z be k(x). Let d = z - 26. List the prime factors of d.
2
Suppose -20*u = -25*u + 10. Suppose u*x + 20 = 344. List the prime factors of x.
2, 3
Let p = -777 - -1733. List the prime factors of p.
2, 239
Let t = -25 - -12. Let h = 33 - t. List the prime factors of h.
2, 23
Let f(o) = 91*o - 2. List the prime factors of f(1).
89
Suppose -10 = 5*f, -5*u + 178 = -0*u + f. Suppose 14 = 5*q - u. List the prime factors of q.
2, 5
Suppose -18*f + 14*f - 624 = 0. Let g = 249 + f. List the prime factors of g.
3, 31
Let d = -213 + 297. List the prime factors of d.
2, 3, 7
Suppose -b + 2*x - 7 = -32, 5*b + 3*x = 99. What are the prime factors of b?
3, 7
Suppose -5*v + 2 + 8 = 0. Suppose v*n - n = -2*s - 2, -2*s = -n + 2. List the prime factors of (-4)/s - (8 - 6).
2
Let d be 31 + -29 + (0 - -5). Let f(y) = -20*y**3 + y**2. Let l be f(-1). Suppose l + d = b. List the prime factors of b.
2, 7
Let r be (-3 + 0 - -3)/2. Suppose 10 = 5*o, 3*s + 0*s - 4*o - 4 = r. Suppose -s*j + 35 = j. What are the prime factors of j?
7
List the prime factors of (102/5)/((-36)/(-450)).
3, 5, 17
Let h(k) = 10*k**2 - 6*k - 17. Let f be h(-7). Suppose 0 = 4*r + 3*n - f, 2*n - 194 - 192 = -3*r. What are the prime factors of r?
2
Let w = -8 - -13. Let b = 5 - w. Suppose t - 2 = -b*t + 5*h, -97 = -5*t - 4*h. What are the prime factors of t?
17
Let h = 14 + 1. Suppose -c + h = 4*c. Suppose -65 + 191 = c*s. What are the prime factors of s?
2, 3, 7
Suppose -5*a + 3 + 2 = 0. Let k be a*(-3)/(-3)*-74. Let p = k + 112. List the prime factors of p.
2, 19
Let a = -1 - -6. Suppose 28 = -a*x + 188. What are the prime factors of x?
2
Suppose 0*j + h + 20 = -2*j, 0 = h. Let n(d) be the first derivative of -5*d**2/2 + d - 41. What are the prime factors of n(j)?
3, 17
Suppose -4*a + 791 = -5*x, -2*a + 3*a + 5*x - 179 = 0. What are the prime factors of a?
2, 97
Let u = 84 + -80. Suppose c = -u + 6. What are the prime factors of c?
2
Suppose 0 = 3*a - 4*b - 1609, -4*a - 648 + 2784 = -3*b. What are the prime factors of a?
3, 59
Suppose -5*b + 0*b + 2*y = -13, 0 = -2*b + 3*y + 3. Suppose 2*c - b*c = 1. Let x(g) = -3*g**3 + 2*g + 1. List the prime factors of x(c).
2
Let p(q) = 8*q**2 - 10*q - 6. Let n be p(6). Let l = n + -152. What are the prime factors of l?
2, 5, 7
Let j = -6 + 10. Suppose -5*y - 4*x = -3*x - 538, -j*y + 422 = 5*x. What are the prime factors of y?
2, 3
Suppose 2*k - 9*d + 4*d - 1159 = 0, 4*d + 1156 = 2*k. List the prime factors of k.
2, 11, 13
Let c be 3/(3*(-4)/(-12)). Let u(h) = -27*h - 2 + 9*h**2 - h**c + 38*h - 20*h. What are the prime factors of u(7)?
3, 11
Let g(y) = 2*y - 7. Let x be g(6). Suppose x*w + 630 = 5*f, 0*w = -4*w. What are the prime factors of f?
2, 3, 7
Let u(c) = 792*c - 4. List the prime factors of u(3).
2, 593
Suppose 0 = 5*a - a - 4. What are the prime factors of (-3)/(a/(4/6))*-31?
2, 31
Suppose -24*v - 8281 = -31*v. What are the prime factors of v?
7, 13
Let h(z) = 2*z - 4. Let d be h(-4). Let g be (40/d)/((-2)/3). Suppose 0 = v - 16 + g. List the prime factors of v.
11
What are the prime factors of (18882/(-21))/((-78)/364)?
2, 1049
Let v = 920 + -292. List the prime factors of v.
2, 157
Let p(g) = 2*g**2 - 12*g - 17. Let f(s) = -2*s**2 + 27*s - 25. Let d be f(12). What are the prime factors of p(d)?
3, 31
Let k(q) = -q**2 - 3*q - 2. Let g be k(-4). Let a be (g/8)/((-4)/(-144)). List the prime factors of (-3 + a/(-12))*-36.
3
Let c = 20 - 20. Suppose 4*f - 2*n = 234, c = -5*f - 3*n + 58 + 262. List the prime factors of f.
61
Let t = -9 - -11. Let p(v) be the first derivative of 5*v**3/3 - 2*v**2 + 5*v - 1. What are the prime factors of p(t)?
17
Let v(s) = -s + 3. Suppose f = -1, -2*f + 10 = 5*r - r. Let l be v(r). Suppose -4*h = -l*h + w - 78, 8 = 4*w. List the prime factors of h.
19
Let g(m) = -m**3 - 6*m**2 + 8*m + 4. Let i be g(-7). Let h = 3 + i. Suppose l - 22 - 20 = h. List the prime factors of l.
2, 3, 7
Suppose -2*n = -5*g - 196, -n + g + 15 = -77. Suppose 2*u = 3*p - 264, -p + n = -0*u + u. What are the prime factors of p?
2, 11
Let u(m) = 193*m**3 - 3*m**2 + 3*m - 1. Let g be u(1). Suppose 3*s - g = 48. List the prime factors of s.
2, 5
Suppose -2*j = -216 + 208. Suppose 0 = 2*m + k - 341, j*k + 688 = -0*m + 4*m. What are the prime factors of m?
3, 19
Let r = 60 + -54. What are the prime factors of 12/r*131/2?
131
Suppose 0 = -7*x + 2792 + 673. Suppose 4*z = -3*n - 0*z + 325, -x = -5*n + 5*z. List the prime factors of n.
103
Let d be ((-7)/4)/((-9)/(-396)). Let j = 228 - 117. Let o = j + d. List the prime factors of o.
2, 17
Suppose 6530 = 15*q - 400. Suppose 4*h - 5*h - 5*z + 144 = 0, -3*h + q = 5*z. List the prime factors of h.
3, 53
Let m be -3 - -2 - (5 + -2). List the prime factors of (m/10)/((-3)/270).
2, 3
Let t(o) = -o**2 + 10*o - 3. Let p be t(9). Let k(d) = -5*d + p*d + 4*d + 2*d. List the prime factors of k(4).
2, 7
Suppose 2*v = -3*c - 34, 0 = -2*c + v